48 = -4*u. What are the prime factors of i?
2
Let k(b) = 18*b. Let z be k(7). Suppose 5*p - 4*i = 261 - 87, -z = -3*p - 3*i. What are the prime factors of p?
2, 19
Let l = -2 + 9. Let t = -1 + l. What are the prime factors of t?
2, 3
Suppose -15 = -5*s, 2*q - q - 3*s = 17. Suppose y - q - 9 = 0. What are the prime factors of y?
5, 7
Let y be (-2)/6 + 2/(-3). Let f be (150/8)/((-8)/(-32)). List the prime factors of y/(-2) - f/(-10).
2
Let m(s) = -s**3 - 5*s**2 - 3*s - 2. List the prime factors of m(-5).
13
Let y be 0 + 2 + 51 + -4. Let j = y + -24. What are the prime factors of j?
5
Let j(w) = 11*w. Let x = 12 + -11. What are the prime factors of j(x)?
11
Let g(v) = -v**2 + 8*v - 1. List the prime factors of g(6).
11
Let a be 2 - (4/2 - -12). Let b = a - -32. Suppose -3*g + b = 5. What are the prime factors of g?
5
Let c be 0 + (4 - 2) - -2. Suppose c*g - 115 = -s + 4*s, g + s = 27. What are the prime factors of ((-6)/(-7))/(2/g)?
2, 3
Suppose 4*p - 6 = p. Let h be 1*p + (0 - 0). Suppose 0 = 2*m - 2*w - w - 20, -h*m = -2*w - 18. List the prime factors of m.
7
Let r(g) = -g**3 + 8*g**2 - 5*g + 3. Let h(d) = -d**3 + 7*d**2 - 4*d - 5. Let p be h(6). Let t be r(p). Suppose t = z + 6. List the prime factors of z.
11
Let z be 2/(-3) - (-286)/6. Let q be 42/(0 + (-9)/6). Let n = z + q. What are the prime factors of n?
19
List the prime factors of (-6 - -5)*-3*1.
3
Suppose 3*k - 92 = -2*l, -5*l - 18 = k - 235. Suppose -l = -5*f + 2*n, 5*f + 3*n + 2*n = 50. What are the prime factors of f?
3
Let h = 4 - 7. Let s(g) = 9*g**2 + 4*g - 1. Let o be s(h). Suppose -o = -5*q - 3. List the prime factors of q.
13
Let l(w) = 2*w**2 - 4*w + 4. What are the prime factors of l(9)?
2, 5, 13
What are the prime factors of 7*(3 + (-45)/(-21))?
2, 3
Let l(g) = -g**3 + 2*g**2 + 2*g. Let k(o) = -o**2 + 4*o - 2. Suppose -4*f = 4*q - 36, 5*f - 41 = -q - 3*q. Let y be k(q). List the prime factors of l(y).
2, 3
Let i(n) = 3*n + 3. What are the prime factors of i(3)?
2, 3
Let z(j) be the third derivative of -j**4/12 + j**3/6 - 2*j**2. List the prime factors of z(-2).
5
What are the prime factors of (-132)/8*40/(-6)?
2, 5, 11
Let n = -54 - -107. What are the prime factors of n?
53
Let l(x) be the first derivative of x**3/3 + 5*x**2/2 + 6*x + 1. Let g be l(-4). Suppose -o - 7*y - 13 = -g*y, 5*y + 25 = 5*o. List the prime factors of o.
2
Suppose -3 = -z + 4*z, -3*g + 3*z = 60. Let i = -6 + -4. Let j = i - g. What are the prime factors of j?
11
Suppose 35 = 5*y + 5*c, 3*c = -y - 0*c + 15. Suppose -q = -2*i - 23, -i = y*q + 4*i - 58. List the prime factors of q.
3, 7
Let p(y) = -y**3 + 12*y**2 - 11*y + 4. Let f(g) = g**2 + 9*g + 11. Let k be f(-9). List the prime factors of p(k).
2
What are the prime factors of 391/6 - 6/36?
5, 13
Let u = 25 - -4. Suppose 5*w + u = 134. List the prime factors of w.
3, 7
Suppose -z + 42 = 3*w, -76 = -4*z + z + w. What are the prime factors of 8/((-21)/z - -1)?
2, 3
Let f(n) = 5*n**2 + 5*n - 1. What are the prime factors of f(-5)?
3, 11
Let z = -42 - -79. List the prime factors of z.
37
Suppose -5*c + 555 = -130. What are the prime factors of c?
137
Suppose 5*j = -3*b - 14, 11 = -4*j + 5*j - 4*b. Let q = 3 + j. Suppose 2*f = -q*g + 30, 3 = f - g - 4. What are the prime factors of f?
11
Suppose 0 = 4*a + 3*z - 70 + 1, -3*z + 33 = 2*a. Let t = a + 14. List the prime factors of t.
2
Let g(b) = -6*b + 3. List the prime factors of g(-3).
3, 7
Suppose 5*d + 3*v - 168 = 0, -3*v - 23 = -d + 25. List the prime factors of d.
2, 3
List the prime factors of (7/3)/(-7)*-18.
2, 3
Let f(n) = n**2 - 6*n + 2. Let s be f(4). What are the prime factors of (16/10)/(s/(-105))?
2, 7
Let z = -20 - -22. Suppose -2 = s, 4*j - 170 = j - z*s. List the prime factors of j.
2, 29
Let n(f) = -36*f**2 + 34*f - 24. Let b(h) = 7*h**2 - 7*h + 5. Let s(w) = -14*b(w) - 3*n(w). List the prime factors of s(2).
2, 17
Suppose -2*b + 37 = j + 7, -3*b = j - 30. What are the prime factors of j?
2, 3, 5
Let c(n) be the third derivative of -n**6/120 - n**5/20 - n**4/12 - 2*n**3/3 - 8*n**2. Let o(a) = 2*a + 1. Let f be o(-2). What are the prime factors of c(f)?
2
Let v(q) = -q**3 - 3*q**2 + 3*q + 3. Let d be v(-2). Let z(j) = -j**2 - 6*j + 1. Let g be z(d). What are the prime factors of g/4*120/(-18)?
2, 5
Let v = 161 + -63. What are the prime factors of v?
2, 7
Let f(w) = 4*w - 11. List the prime factors of f(8).
3, 7
Let a(d) be the first derivative of 29*d**4/4 + d**3/3 - d**2 + d - 3. What are the prime factors of a(1)?
29
Suppose -4*i + 0*i = -3*o - 14, 0 = -2*i + 3*o + 10. What are the prime factors of i?
2
Let d = -28 - -35. What are the prime factors of d?
7
Let k = -19 + 34. List the prime factors of (144/k)/((-9)/(-30)).
2
Let p = -3 - -19. What are the prime factors of p?
2
Suppose s = -0*s + 6. List the prime factors of s.
2, 3
Suppose 4*v + 11 = -17. Let s be ((-6)/v)/((-2)/42). What are the prime factors of -2*(2 - s/(-4))?
5
Suppose -4*y + 918 = -314. List the prime factors of y.
2, 7, 11
Suppose 10 = 4*o - 3*o. Suppose -5*f + o*f = 90. List the prime factors of f.
2, 3
Let p(v) = 2*v**2 + 11*v + 14. List the prime factors of p(-9).
7, 11
Let o be 4/12*(-1 + -2). Let q = o + 4. Suppose 5*w + n - 97 = 4*n, -q*w + 64 = 4*n. What are the prime factors of w?
2, 5
Suppose -k = -17 + 15. List the prime factors of -9*(0/k + -1).
3
Let t = 225 + -146. What are the prime factors of t?
79
Let h = -29 + 49. Suppose -2*w - 2*w = -h. What are the prime factors of w?
5
Suppose -230 = -3*r + 403. List the prime factors of r.
211
Suppose 0 = -3*a + y - 18, -y = 1 - 4. List the prime factors of 3/(-2 - a) + 19.
2, 5
Let v(a) = a**3 + 11*a**2 + 9*a + 4. Let x be 51/(-6) - (-6)/(-4). What are the prime factors of v(x)?
2, 7
Suppose 2*i + 2*m = 0, -7 + 3 = -3*i - m. Let r(n) = -3*n**2 + 3*n + n**3 + 2*n - i - n. What are the prime factors of r(2)?
2
Let m(s) = -s**2 + 8*s + 6. Let n = -3 + 10. What are the prime factors of m(n)?
13
What are the prime factors of 4/16*-2*-62?
31
Let w(g) = g + 3. Let l be w(-3). Suppose 2*o - o - 7 = z, -2*o - 3*z + 19 = l. What are the prime factors of o?
2
Let u be (-5)/4*(1 - 5). Suppose -u*c + 93 = 23. List the prime factors of c.
2, 7
Suppose -27 = -4*p - 335. Let r = p + 109. List the prime factors of r.
2
Let h(q) = -q**3 - 6*q**2 - 3*q + 5. Suppose 4*x - 5*x - 4*y = 25, 4*x = 4*y. Let w be h(x). Let z(v) = -v. List the prime factors of z(w).
5
Let a(i) = 3*i - i - i - 3. Let m(q) = q**2 + 7*q + 6. Let c be m(-7). List the prime factors of a(c).
3
Let q(i) = 36*i**2 - i. Let k be q(1). Suppose 9 = -3*x, -c + k = 3*x - 0*x. Suppose 0 = 5*t - t - c. List the prime factors of t.
11
Suppose 3*d + 20 = 4*d. What are the prime factors of d?
2, 5
Let c = -36 - -55. Suppose 4*q = c + 5. What are the prime factors of ((-18)/(-4))/(3/q)?
3
Suppose -2*l - 5 = -1. Let k = 19 + l. List the prime factors of k.
17
Let t = 59 - -100. What are the prime factors of t?
3, 53
Let t = -28 - -48. Suppose -4*b + 34 = -3*l - 15, 4*l = t. What are the prime factors of b?
2
Suppose 0 = 5*o + t - 7, -2*t = -4*o + 3*t + 23. Suppose -m + o*m = 8. List the prime factors of m.
2
Let j(s) = 2*s**3 + 5*s**2 + 4*s - 1. Let q be j(-3). Let k be q/(-33) + 4/(-6). Suppose 2*n + 5*f - 20 = -k, -2*f - 4 = 0. List the prime factors of n.
3, 5
What are the prime factors of (1/(-2))/((-1)/28)?
2, 7
Let b be ((-12)/(-10))/((-8)/(-20)). Suppose 4*d = -8, -b*a + 2*d + 34 = 3*d. List the prime factors of a.
2, 3
Suppose -2*h = -0*h - 122. What are the prime factors of h?
61
Suppose 0 = 4*u - 2*u - 4. What are the prime factors of (u/(-1) + 0)*-13?
2, 13
Let z be (33/(-6) - 0)*2. Let k = z + 26. List the prime factors of k.
3, 5
Let k(w) be the second derivative of -1/3*w**3 - 2*w + 0 - 1/3*w**4 - 1/20*w**5 - 1/2*w**2. List the prime factors of k(-4).
7
Let q be 101/4 - 1/4. Suppose -5*g + k + 10 = -k, -q = -5*k. List the prime factors of g.
2
Let f be 61*-1*3/(-3). Suppose 0 = -4*y + m + 342, -4*y + 100 = 5*m - 230. Let u = y - f. List the prime factors of u.
2, 3
Let f = 17 + -36. Let w = f + 27. Suppose w = 4*g - 2*g. List the prime factors of g.
2
Suppose u - 5*k = 56, -4*k = 5*u - 18 - 233. List the prime factors of u.
3, 17
Let y(o) = o**3 - 7*o**2 - 9*o + 11. Let v(l) = l + 10. Let i be v(-8). Let t